 of y.
2
What are the prime factors of -12 + 2 + 1225 - -1*1?
2, 19
What are the prime factors of 481 + (-1 + -2 - 2 - -7)?
3, 7, 23
Let j = -13 - -19. Let b = 54 + -50. Suppose 3*t = j, 5*d = -b*t + 85 + 73. List the prime factors of d.
2, 3, 5
List the prime factors of ((-21)/4)/((-6)/248).
7, 31
Suppose q + 1 = 4. Suppose 3*p - 5*y = 23 + q, 4*p - 20 = 3*y. Suppose 2*a + 111 = 3*m, -2*a - 56 = -p*m + 20. List the prime factors of m.
5, 7
Suppose 2*o = 0, j = -0*j - 2*o. Suppose j = k - 4*v, k + 2*v + 15 = v. Let c = k + 25. List the prime factors of c.
13
Suppose 4*h - w - 25 = 0, -6*h - 3*w - 10 = -5*h. Suppose h*z - 588 = -s, 2*z = 5*s + 83 + 136. List the prime factors of z.
3, 13
Suppose -3*u - 1305 = -3*z, 6*z = 7*z - 2*u - 435. List the prime factors of z.
3, 5, 29
Let j(t) = -t**3 - 3*t**2 - t + 2. Let h be j(-2). Let u(f) = -f**3 + f**2 - 2. Let b be u(h). Let d = 10 + b. List the prime factors of d.
2
Let z(u) = 4*u**3 - 6*u**2 + 11*u - 24. List the prime factors of z(5).
3, 127
Let r be (-3465)/(-84) + (-2)/8 + 0. Suppose -2*l = -5*t + 199, 3*l + r = t + 2*l. What are the prime factors of t?
3, 13
Let h(s) be the second derivative of s**5/20 - s**4/12 - 2*s**3/3 - s**2/2 + 4*s. Let w be h(3). Suppose 0 = -w*n + 2*n + 75. List the prime factors of n.
5
Let x = 5367 - 3118. What are the prime factors of x?
13, 173
Suppose -3*r + c - 140 = -446, 0 = -3*c. Suppose -2*s + r = s. List the prime factors of s.
2, 17
Let v(z) = -208*z. What are the prime factors of v(-4)?
2, 13
Suppose 3*d - 4 = -d. Suppose 3*k + d = -68. Let w = k - -49. What are the prime factors of w?
2, 13
What are the prime factors of (-16)/2 + (-11)/11 + 1653?
2, 3, 137
Suppose 3 = 5*i - 22. Suppose 2*y - 2*f = 0, -i*y - f + 12 = -2*f. Suppose y*m + 2 = 14. List the prime factors of m.
2
Let n be 2/(-8)*4*(0 - 0). List the prime factors of 3*(54 - (n - -1)*1).
3, 53
Let n(l) = l**2 + l. Let r be n(-4). Suppose -2*z = 0, -3*z - r = -2*c + 26. Suppose 5*m + 47 = 4*d, m + c + 12 = 2*d. What are the prime factors of d?
2, 3
Let a = -13 - -13. Suppose a = -8*o + 4*o + 16. Suppose 5*j - 20 = -b - b, -64 = -o*b - 4*j. List the prime factors of b.
2, 5
Let i(x) be the first derivative of x**3 - 7*x - 15/2*x**2 + 5. What are the prime factors of i(7)?
5, 7
Let w(a) = 9*a**2 + a - 1. Suppose -5*o + 45 = 15. Suppose -3*c = -5*f - 1 - o, f - 4*c + 15 = 0. List the prime factors of w(f).
3
Let a(w) be the first derivative of 0*w**2 - 2 - w**2 - 3 - 3*w. List the prime factors of a(-6).
3
Let m(b) be the second derivative of b**3/6 + 15*b**2 - 2*b. Let y be m(0). Suppose 0 = n - 3*n + y. List the prime factors of n.
3, 5
Suppose 35*f = 3911 + 53839. List the prime factors of f.
2, 3, 5, 11
Let r = 31 + -12. Suppose -2*a + 4 + 42 = 4*t, 0 = -a - 3*t + r. Suppose 0 = -2*p + 43 + a. List the prime factors of p.
37
Suppose -3*g + 0 = -24. Suppose -448 = -g*x + x. List the prime factors of x.
2
Let v(q) = -q**2 + 5*q + 6. Let j be v(-3). List the prime factors of 6/j*-3*8.
2
Suppose 3*i - 3 = 0, 5*i - 4*i - 31 = -5*l. Suppose 4*s - 2*j + 46 = 0, -23 = 4*s + 5*j + 2. List the prime factors of s/3*(-72)/l.
2, 5
Let n = -6 - -34. Let t = n - 17. List the prime factors of t.
11
Let a = -63 - -85. List the prime factors of a.
2, 11
List the prime factors of 112/(60/(-15))*162/(-7).
2, 3
Suppose -3*s = 2*s. Suppose 3*m + 5*i - 39 - 40 = 0, s = -4*m - i + 77. Suppose 0 = -g + 2*j + m, -62 - 22 = -4*g + 4*j. What are the prime factors of g?
2, 3
Suppose -3*o = -8 + 2. Suppose 4*q = r + 65, 0 = -q - 0*r - o*r + 23. List the prime factors of q.
17
Let o = 21 - -143. List the prime factors of o.
2, 41
Suppose 0*t - 880 = -11*t. Let k(s) = s**3 + 8*s**2 + s + 3. Let x be k(-7). Suppose 5*v - x = -4*q + t, 0 = -2*q - 5*v + 65. What are the prime factors of q?
2, 3, 5
Suppose -33*u = -23*u - 10550. List the prime factors of u.
5, 211
Let x(o) = -o**2 - 14*o + 8. Let h be x(-14). Suppose 13*w - h*w - 210 = 0. List the prime factors of w.
2, 3, 7
Let x = -10008 + 16614. What are the prime factors of x?
2, 3, 367
Let t be 3 + -8 - 2 - -34. Let i(m) = -m**3 + 3*m**2 - m - 5. Let l be i(5). List the prime factors of (63/t)/((-2)/l).
2, 5, 7
Let g be 4/(-30) - (-167)/15. Let q = g + -9. Suppose -5*p = -10, -q*n - 2*n - 5*p = -170. List the prime factors of n.
2, 5
Let q(f) = -f**2 - 10*f + 16. Let k be q(-11). Suppose -3*o = -p + 10, 3*o - k*p - 14 = -4. List the prime factors of (-39)/65 + (-178)/o.
5, 7
Let j(x) = x**3 - 13*x**2 - 20*x - 18. Let p = -55 + 70. List the prime factors of j(p).
2, 3, 11
Let i(v) = 25*v**2 + 5*v - 17. What are the prime factors of i(-5)?
11, 53
Suppose 0*f - 3*f = -3*a - 105, -f = -4*a - 131. Let z = -26 - a. What are the prime factors of z?
2, 3
Let n(p) = 8*p**2 + p + 1. Let b be n(-2). Let q be 8/2*95/(-20). Let r = b + q. What are the prime factors of r?
2, 3
Suppose -n = 3*o + 9, 3 = 3*n - 8*n - o. Suppose n = 5*r - 6*r + 3. Suppose -3*p + 123 = r*k, 2*p - 47 = k + 4*k. List the prime factors of p.
2, 3
Suppose -7*y = -3*y. Let o(z) = -2 - 3*z + y*z + 4*z - 3*z + 5*z**2. What are the prime factors of o(3)?
37
List the prime factors of (-24)/144 + 1154/12.
2, 3
Suppose 3*r = -k + 19 - 0, -3*r = 5*k - 35. Suppose 0 = -r*x + 5*y + 90, 7*x - 5*x = -y + 30. Let o = x + -14. What are the prime factors of o?
2
Let p = 149 + 835. What are the prime factors of p?
2, 3, 41
Let o(y) = 15*y - 12. Let c(j) = 4*j - 3. Let a(l) = -9*c(l) + 2*o(l). What are the prime factors of a(-14)?
3, 29
Let z = 0 - -1. Let b be 5*(z - (-1)/(-5)). Suppose b*l - 156 = -3*o, -l + 59 = 4*o + 20. List the prime factors of l.
3, 13
Let n = -83 + 151. What are the prime factors of n?
2, 17
List the prime factors of ((-254)/10)/((-5)/25).
127
Suppose 58*u + 8162 = 69*u. What are the prime factors of u?
2, 7, 53
Suppose 810*u - 803*u - 8232 = 0. List the prime factors of u.
2, 3, 7
Suppose 10*l = 11*l - 4. Suppose -l*h + 637 = 3*h. What are the prime factors of h?
7, 13
Suppose -2*r = 4*i - 20, 0*i = -3*i + 15. Let c(d) = -8*d + 119. What are the prime factors of c(r)?
7, 17
Let w = 241 + -129. List the prime factors of w.
2, 7
Let b = 66 - 66. Suppose 5*z = -b*z - 2*q + 460, z + q - 89 = 0. What are the prime factors of z?
2, 47
Let s = -24 - -41. List the prime factors of 4*2/(8/s).
17
Suppose -28 + 20 = -4*i. Suppose -y = -i*s - 0*s - 70, 2*y - 5*s - 142 = 0. What are the prime factors of y?
2, 3, 11
Let t(g) = -51*g - 312. What are the prime factors of t(-88)?
2, 3, 29
Let k(z) = -z + 9. Let h be k(5). Let o = h + -5. List the prime factors of 1*o/(-1)*21.
3, 7
What are the prime factors of (-3)/(-2) + 12/((-192)/(-15352))?
31
Let g(s) be the second derivative of s**4/12 - s**3/2 + 3*s**2/2 + s. Suppose 5*t + l = 5*l + 3, 3*t - 15 = -2*l. What are the prime factors of g(t)?
3
Let q = 24 - 18. Suppose -111 = -q*w + 963. List the prime factors of w.
179
Let c = -1 + -48. Let u be (-4)/14 - (-133)/c. Let v = u - -7. What are the prime factors of v?
2
Suppose 0 = -2*s - 6, 8*s = k + 10*s - 457. List the prime factors of k.
463
Let x(m) = -m**2 - 11*m - 1. Let p be x(-9). Suppose 3*j = 2*l + p, -2*l + 4*l = -5*j + 23. Suppose -b = -j*b + 108. List the prime factors of b.
3
Let w = 485 - 331. List the prime factors of w.
2, 7, 11
Suppose 4*x - 4*q - 8116 = 0, -3*q + 7*q - 4040 = -2*x. What are the prime factors of x?
2, 1013
Let q = 37 - 34. Suppose 0*y + 4*y = -q*a + 110, 5*y - 106 = -3*a. List the prime factors of a.
2, 3, 7
Suppose -2*m = -4*g + 2306 + 9572, -m = 5*g - 14865. List the prime factors of g.
2, 743
Let o = 752 + -335. Let t = -252 + o. List the prime factors of t.
3, 5, 11
Let t(u) = -175*u - 4. Let w be t(-4). Suppose 0 = -4*x + w + 380. Suppose -2*p = 6, -4*f + 5*p = 2*p - x. List the prime factors of f.
5, 13
List the prime factors of (-2)/(-12) - (20492/(-24) + 7).
7, 11
Suppose 19 - 4 = 3*h. Suppose -3*m + 2*p + 81 = -p, h*m + 5*p - 145 = 0. Suppose 2*z - 2 = -k + m, 37 = z - 5*k. List the prime factors of z.
17
Let z(j) = 10*j**2 + 2*j - 3. Let f be z(-3). Suppose 3*d + f = 6*d. List the prime factors of d.
3
Let g = -149 - -144. List the prime factors of (-2)/(-10) + (1 - 444/g).
2, 3, 5
Suppose 2*c + 4*n = 1760, -5*n + 2638 = 4*c - c. What are the prime factors of c?
2, 3, 73
Sup